*2 - 12*g + 15. Let x(k) = 2*f(k) + 3*z(k). What is the thousands digit of x(-10)?
1
Let k be (-9)/(-15)*20/4. Suppose -k*d = -10*d + 119. Let g(f) = f**2 - 18*f + 22. What is the units digit of g(d)?
5
Let g(t) = 4*t**2 + 13*t - 9. Let l be g(-4). Let n = 691 - 39. Suppose -k = -2*a - 154 - 45, l*k + 5*a - n = 0. What is the units digit of k?
9
Let b(w) = 40*w - 39*w + 60 + 25*w. What is the units digit of b(5)?
0
Let v = -12402 - -24799. What is the tens digit of v?
9
Let c be ((-1324)/8)/((-8)/16). Suppose 2*n - c = 305. What is the tens digit of n?
1
What is the ten thousands digit of (-309)/(-721) + (-458880)/(-28)?
1
Let g(o) = 7*o - 3. Let f be g(11). Let n = f + 63. What is the tens digit of n?
3
Let x = -233 - -392. Let p(a) = 10*a + 267. Let h be p(-27). What is the units digit of x - (h + 1 + 4)?
7
Suppose 0 = 2*n + 4*f + 476, -3*n + 5*f - 978 = n. Let i = 343 - n. Suppose -33*d + 38*d = i. What is the units digit of d?
7
Suppose s - 2605 - 1144 = -z, 0 = -3*s + z + 11247. What is the thousands digit of s?
3
Suppose 3*z - 2453 = -2*u, -u + 556 = -2*z + 2196. What is the tens digit of z?
1
Let v be 0 - (-3 + -1) - (96 + -935). Let c = v + -535. What is the units digit of c?
8
Let v = -2806 - -2804. Let y(k) be the third derivative of -55*k**4/24 - 11*k**3/6 - 2*k**2. What is the units digit of y(v)?
9
Let j be 6*10/(-15)*5. Let g be (-12)/j - ((-24)/(-20))/2. What is the hundreds digit of ((-4)/(g - -4))/(2/(-546))?
2
Suppose -4*v + 5*a = -407, -3*v + 0*v + a = -308. Let z = v + 1427. What is the units digit of z?
0
Let m be -13 + 12 + -1 + 19 + 1. Let j be (-32)/(-176) - (m/(-22) - -1). Suppose 0*l + 2*l = j, 2*i - 22 = -l. What is the units digit of i?
1
Let w(t) = -3*t**3 + 4*t**2 - 2*t + 6. Let a be w(5). Let p = a + 562. Let k = p - 150. What is the hundreds digit of k?
1
What is the tens digit of (-3)/((-21)/(-35) + (-52856)/88060)?
0
Suppose -3*q + 39 = -3*r, q + 22 = 2*q + 2*r. What is the units digit of 2/q*4*228?
4
Let k(s) = 3*s + 66. Let t be k(-22). Suppose -10*h + 4*h + 768 = t. What is the units digit of h?
8
Let p(y) = 31*y + 37. Suppose 0 = 2*x - 3*x + 11. What is the tens digit of p(x)?
7
Let b be (11/22)/((-1)/14). Let n(h) = -17*h - 19. Let p be n(b). Suppose r = 5*r - p. What is the units digit of r?
5
Let r(b) = b**2 - b - 1. Let t(v) = v**2 + 14*v - 30. Let d(c) = 2*r(c) - t(c). Let i be d(12). Let j = i - -95. What is the tens digit of j?
7
Suppose 169*r - 1157704 = -19*r. What is the thousands digit of r?
6
Let v(h) = h**3 + 2*h**2 + 3. Let r(x) = -6*x**2 + 4. Let y be r(4). Let l = -87 - y. What is the hundreds digit of v(l)?
1
Suppose 7810 = n - 3*v, 33*n = 32*n - v + 7806. What is the tens digit of n?
0
Let f(i) = -2*i**3 - 6*i**2 + 2*i - 11. Let k be f(-5). Let p = k - 86. Let g(m) = -m**3 - 3*m**2 + 6*m + 5. What is the tens digit of g(p)?
5
Let j(u) = -157*u**3 - 2*u**2 - 9*u + 3. What is the tens digit of j(-3)?
5
Let b = -1100 + 692. What is the hundreds digit of (-3)/18*3*b?
2
Let n be 5 + (849 - 0) + 1. Suppose -279 = 4*m - n. Let i = m - 42. What is the units digit of i?
2
Suppose 10*t - 67520 = 282895 - 81975. What is the tens digit of t?
4
Suppose -4*t = -5*i - 706, -5*t = 5*i + 69 - 929. Suppose -t + 8942 = 8*c. What is the hundreds digit of c?
0
Suppose 0 = -3*u - 5*d + 365, 0 = 3*u + 3*d - 120 - 243. Suppose 33 = w - 34. Suppose -u = -k - w. What is the units digit of k?
3
Let g = -6429 - -8098. What is the hundreds digit of g?
6
Let w(o) = 2*o**3 + 61*o**2 + 33*o + 90. Let l be w(-30). Suppose -m + 2*v - 245 + 2015 = l, 5*m - 2*v - 8810 = 0. What is the tens digit of m?
6
Let c be 15/2*(-10)/(-15). Suppose -5*i + c + 35 = 0. What is the units digit of i?
8
Suppose 55 = -9*a - 17. What is the tens digit of (-1342)/33*(2 + a)?
4
Suppose 4*x + 4*x = 312. What is the tens digit of 5*113 + (-156)/x?
6
Suppose -3*l + h + 31317 = 0, 3*h = 393*l - 395*l + 20889. What is the thousands digit of l?
0
Suppose 2*d + 3*t = 38830, 3*d + 5319 = -2*t + 63564. What is the thousands digit of d?
9
What is the hundreds digit of (-167860)/(-30) - (-2)/(-6)?
5
What is the hundreds digit of 1320/1584 + 280670/12?
3
Suppose -5*s = 2*t - 953, -s - 5*t + 167 = -19. Suppose 348 + s = c. What is the tens digit of c?
3
Let w = 470 + -465. Suppose 3202 = 4*f + 2*b + b, -w*b - 10 = 0. What is the tens digit of f?
0
Let l(p) = -647*p + 116. What is the units digit of l(-25)?
1
Suppose -29*j + 24*j + 14*j = 42966. What is the hundreds digit of j?
7
Let d = 14360 - 3339. What is the ten thousands digit of d?
1
Suppose -354*m - 14 = -332*m - 102. Let s = -29 - 13. What is the tens digit of -1*(-266)/m + s/(-28)?
6
Let l be 29 + -31 - ((-26)/(-1) - 0). Let d = 119 + -73. Let h = d + l. What is the tens digit of h?
1
Let w(d) = -d**3 + 5*d**2 - 2*d + 790. What is the units digit of w(0)?
0
Let j(z) = 2 + 37 - 3*z + 7*z. Let k be j(-12). What is the tens digit of ((-78)/k + 2)*9?
9
Let c be (-6)/(-9)*(396/(-3))/(-4). Suppose 522 = c*g - 11028. What is the units digit of g?
5
Let o = 1378 + 13190. What is the units digit of o?
8
Let l(h) = -8*h**2 + 4*h. Let b be l(-3). Let r(w) = 2*w**2 + 8*w - 8. Let z be r(-5). What is the units digit of z*8/(-4) - b?
0
Suppose 19*v = 74 + 2. Suppose -5*i = -v*n - 3331, i + n + 2656 = 5*i. What is the hundreds digit of i?
6
Let f be -14*(-10)/35 - (-12)/(-3). Suppose -13*j + 1886 + 571 = f. What is the units digit of j?
9
What is the tens digit of (7/(147/(-450)))/((-14)/1078)?
5
Let q = -61 + 60. Let n be 1/(1 - q)*0. What is the tens digit of 12/(-6) - (n - 3) - -248?
4
Suppose 62*y = 4325004 - 1296614. What is the hundreds digit of y?
8
Let u = -4495 - -22113. What is the hundreds digit of u?
6
Let t(i) = 28*i**2 - 55*i - 1212. What is the units digit of t(-32)?
0
Suppose 2*n + 5*n - 8564 - 198083 = 0. What is the units digit of n?
1
What is the hundreds digit of 260020/44 + 18/(-33) - (-1 - 5)?
9
Let f be (-17)/(-51) - 10/(-6). Suppose -10 = -2*n - n - f*k, -4*n - 2*k + 10 = 0. Suppose n = -8*l + 6*l + 174. What is the units digit of l?
7
Let y(m) = m**3 + 10*m**2 - 16*m - 30. Let n(j) = j**3 - 9*j**2 - 11*j - 1. Let t = 73 - 63. Let d be n(t). What is the tens digit of y(d)?
2
Suppose -2*z + 0*z + 200 = 0. Suppose h + 25 = 5*q + 88, 0 = -3*h - 5*q + 169. Suppose 0 = -54*l + h*l - z. What is the tens digit of l?
2
What is the tens digit of (-2081)/4*2/(4 + (-72)/16)?
8
Suppose -v = 2*x + 323, -4*x + 3*v - 773 = -102. Let q = 115 + x. Let g = 118 + q. What is the tens digit of g?
6
Suppose t + 2*b = -49, -6*b = -2*t - 3*b - 126. Let h = t - -103. Let u = 142 - h. What is the units digit of u?
6
Let s = 75 - 11. Let y = s - 49. Suppose -2*b = -y - 117. What is the units digit of b?
6
Let p(u) = -3 - 196*u + 17*u**2 - 39*u**3 + 28*u**3 + 193*u. What is the tens digit of p(-3)?
5
Let w(l) = -4*l - 54. Let x be w(-12). Let u be 3*x/9*4. What is the hundreds digit of (32/u)/((-2)/67)?
1
Let x be (-1096)/(-40) + (-6)/(-10). Suppose -4*k + 24 = -2*j, 5*j - x = -0*k - k. What is the units digit of 4/k*36 - 1?
7
Let n = 334 - -527. What is the units digit of n?
1
Let g(c) = 2*c - 19. Suppose 4*h = 29 + 19. Let i be g(h). Suppose 2*o = -3*m + 6*o + 257, i*m + 5*o - 475 = 0. What is the units digit of m?
1
What is the thousands digit of (-2 + -957)*((-4752)/(-77))/(-8)?
7
Let m(z) = 833*z - 1. Let j be m(1). Let r = -18372 + 18377. Suppose -5*n - 3*o + 838 = 0, -r*n + j = 2*o - 5*o. What is the tens digit of n?
6
Let u = -263 + 266. Suppose -3*v + 781 = -4*f, u*f = 2*v - 3*v + 256. What is the units digit of v?
9
Suppose 2*r + 2*r - 3136 = w, -3*r + 2*w = -2357. Let l = 1133 - r. What is the units digit of l?
0
Suppose 17*t - 16*t = 22. Suppose 3*w = -4*h - t, -5*h - 28 = -0*w + 4*w. Let v(c) = -12*c - 16. What is the tens digit of v(h)?
3
Let f = -7 + 78. Let c = f - 34. Suppose -c*q = -35*q - 160. What is the units digit of q?
0
Let n(q) = -4*q**3 - 18*q**2 - 15*q + 19. What is the hundreds digit of n(-7)?
6
Suppose 54*r - 64*r + 240 = 0. What is the tens digit of (26 - r)/((-4)/(-1754))?
7
Let h be 324/30*20/6. Suppose 11*m + 1300 = h*m. What is the units digit of m?
2
Let r(d) = 611*d - 465. What is the units digit of r(7)?
2
Suppose 192*t + 242325 - 3510628 = 6493361. What is the hundreds digi